{"id":9,"date":"2017-07-03T18:47:52","date_gmt":"2017-07-03T16:47:52","guid":{"rendered":"http:\/\/kinesiologieparis.fr\/?page_id=9"},"modified":"2025-08-04T14:02:51","modified_gmt":"2025-08-04T12:02:51","slug":"contact","status":"publish","type":"page","link":"https:\/\/kinesiologieparis.fr\/index.php\/contact\/","title":{"rendered":"Contact"},"content":{"rendered":"\n<p>Le cabinet de Paris 5\u00e8me se situe dans le quartier du Val-de-Gr\u00e2ce, en bas de la rue St M\u00e9dard.<br>Ouvert les lundis, mardis, mercredis et un samedi sur deux.<br>Adresse du cabinet : <a href=\"https:\/\/www.google.fr\/maps\/place\/6+Rue+Edouard+Quenu,+75005+Paris\/@48.8409297,2.3482686,16z\/data=!4m2!3m1!1s0x47e671ec701bc7ab:0xe8e323ba55cc7a5\" target=\"_blank\" rel=\"noopener noreferrer\">6 rue Edouard Qu\u00e9nu 75005 Paris<br><\/a>M\u00e9tro : ligne 7, station Censier-Daubenton<br>Bus : ligne 27 et 47<\/p>\n\n\n\n<p>Le cabinet des Buttes Chaumont se situe dans le 19\u00e8me, en face du parc.<br>Ouvert les vendredis.<br>Adresse du cabinet : <a href=\"https:\/\/user.clicrdv.com\/cabinet-stephane-sautter?calendar_id=658675\">55 rue Simon Bolivar, 75019 Paris<\/a><br>M\u00e9tro : ligne 11, station Pyr\u00e9n\u00e9es ou ligne 7B, sation Buttes Chaumont<br>Bus : ligne 26, sation Botzaris &#8211; Buttes Chaumont<\/p>\n\n\n\n<p>Pour me contacter : <br>T\u00e9l\u00e9phone : 06 82 45 98 13<br>M\u00e9l : <a href=\"mailto:s.sautter.kinesio@gmail.com\">s.sautter.kinesio@gmail.com<br><\/a><\/p>\n\n\n\n<p>Vous pouvez aussi utiliser ce formulaire de contact :<\/p>\n\n\n<div class=\"wp-block-jetpack-contact-form\"><a href=\"https:\/\/kinesiologieparis.fr\/index.php\/contact\/\" target=\"_blank\" rel=\"noopener noreferrer\">Soumettre un formulaire.<\/a><\/div>\n\n\n<figure class=\"wp-block-image aligncenter is-resized\"><img loading=\"lazy\" decoding=\"async\" width=\"828\" height=\"828\" src=\"https:\/\/kinesiologieparis.fr\/wp-content\/uploads\/2024\/03\/IMG_8524-edited.png\" alt=\"\" class=\"wp-image-2659\" style=\"width:272px;height:auto\" srcset=\"https:\/\/kinesiologieparis.fr\/wp-content\/uploads\/2024\/03\/IMG_8524-edited.png 828w, https:\/\/kinesiologieparis.fr\/wp-content\/uploads\/2024\/03\/IMG_8524-edited-300x300.png 300w, https:\/\/kinesiologieparis.fr\/wp-content\/uploads\/2024\/03\/IMG_8524-edited-150x150.png 150w, https:\/\/kinesiologieparis.fr\/wp-content\/uploads\/2024\/03\/IMG_8524-edited-768x768.png 768w\" sizes=\"auto, (max-width: 828px) 100vw, 828px\" \/><\/figure>\n\n\n\n<p>Ma formation est certifi\u00e9 par l\u2019<a href=\"http:\/\/kinesiologie.fr\" target=\"_blank\" rel=\"noopener noreferrer\">\u00c9cole de Kin\u00e9siologie et M\u00e9thodes Associ\u00e9es<\/a><\/p>\n\n\n\n<p>Je suis adh\u00e9rent au <a href=\"https:\/\/www.snkinesio.fr\/\">Syndicat National des Kin\u00e9siologues<\/a><br>N\u00b0 d&rsquo;adh\u00e9rent : 1-7-17-563<\/p>\n\n\n\n<figure class=\"wp-block-image is-resized\"><img loading=\"lazy\" decoding=\"async\" width=\"557\" height=\"466\" src=\"https:\/\/kinesiologieparis.fr\/wp-content\/uploads\/2023\/07\/SNK-portrait.png\" alt=\"\" class=\"wp-image-2089\" style=\"width:182px;height:auto\" srcset=\"https:\/\/kinesiologieparis.fr\/wp-content\/uploads\/2023\/07\/SNK-portrait.png 557w, https:\/\/kinesiologieparis.fr\/wp-content\/uploads\/2023\/07\/SNK-portrait-300x251.png 300w\" sizes=\"auto, (max-width: 557px) 100vw, 557px\" \/><\/figure>\n\n\n\n<p>Conform\u00e9ment aux articles L.616-1 et R.616-1 du code de la consommation, nous proposons un dispositif de m\u00e9diation de la consommation. L&rsquo;entit\u00e9 de m\u00e9diation retenue est : CNPM &#8211; MEDIATION DE LA CONSOMMATION. En cas de litige, vous pouvez d\u00e9poser votre r\u00e9clamation sur son site : https:\/\/cnpm-mediation-consommation.eu ou par voie postale en \u00e9crivant \u00e0 CNPM &#8211; MEDIATION &#8211; CONSOMMATION &#8211; 23, rue Terrenoire &#8211; 42100 SAINT ETIENNE<\/p>\n","protected":false},"excerpt":{"rendered":"<p>Le cabinet de Paris 5\u00e8me se situe dans le quartier du Val-de-Gr\u00e2ce, en bas de la rue St M\u00e9dard.Ouvert les [&hellip;]<\/p>\n","protected":false},"author":1,"featured_media":0,"parent":0,"menu_order":0,"comment_status":"closed","ping_status":"closed","template":"","meta":{"site-sidebar-layout":"default","site-content-layout":"","ast-site-content-layout":"default","site-content-style":"default","site-sidebar-style":"default","ast-global-header-display":"","ast-banner-title-visibility":"","ast-main-header-display":"","ast-hfb-above-header-display":"","ast-hfb-below-header-display":"","ast-hfb-mobile-header-display":"","site-post-title":"","ast-breadcrumbs-content":"","ast-featured-img":"","footer-sml-layout":"","ast-disable-related-posts":"","theme-transparent-header-meta":"","adv-header-id-meta":"","stick-header-meta":"","header-above-stick-meta":"","header-main-stick-meta":"","header-below-stick-meta":"","astra-migrate-meta-layouts":"default","ast-page-background-enabled":"default","ast-page-background-meta":{"desktop":{"background-color":"var(--ast-global-color-4)","background-image":"","background-repeat":"repeat","background-position":"center center","background-size":"auto","background-attachment":"scroll","background-type":"","background-media":"","overlay-type":"","overlay-color":"","overlay-opacity":"","overlay-gradient":""},"tablet":{"background-color":"","background-image":"","background-repeat":"repeat","background-position":"center center","background-size":"auto","background-attachment":"scroll","background-type":"","background-media":"","overlay-type":"","overlay-color":"","overlay-opacity":"","overlay-gradient":""},"mobile":{"background-color":"","background-image":"","background-repeat":"repeat","background-position":"center center","background-size":"auto","background-attachment":"scroll","background-type":"","background-media":"","overlay-type":"","overlay-color":"","overlay-opacity":"","overlay-gradient":""}},"ast-content-background-meta":{"desktop":{"background-color":"var(--ast-global-color-5)","background-image":"","background-repeat":"repeat","background-position":"center center","background-size":"auto","background-attachment":"scroll","background-type":"","background-media":"","overlay-type":"","overlay-color":"","overlay-opacity":"","overlay-gradient":""},"tablet":{"background-color":"var(--ast-global-color-5)","background-image":"","background-repeat":"repeat","background-position":"center center","background-size":"auto","background-attachment":"scroll","background-type":"","background-media":"","overlay-type":"","overlay-color":"","overlay-opacity":"","overlay-gradient":""},"mobile":{"background-color":"var(--ast-global-color-5)","background-image":"","background-repeat":"repeat","background-position":"center center","background-size":"auto","background-attachment":"scroll","background-type":"","background-media":"","overlay-type":"","overlay-color":"","overlay-opacity":"","overlay-gradient":""}},"iawp_total_views":152,"footnotes":""},"class_list":["post-9","page","type-page","status-publish","hentry"],"jetpack_sharing_enabled":true,"_links":{"self":[{"href":"https:\/\/kinesiologieparis.fr\/index.php\/wp-json\/wp\/v2\/pages\/9","targetHints":{"allow":["GET"]}}],"collection":[{"href":"https:\/\/kinesiologieparis.fr\/index.php\/wp-json\/wp\/v2\/pages"}],"about":[{"href":"https:\/\/kinesiologieparis.fr\/index.php\/wp-json\/wp\/v2\/types\/page"}],"author":[{"embeddable":true,"href":"https:\/\/kinesiologieparis.fr\/index.php\/wp-json\/wp\/v2\/users\/1"}],"replies":[{"embeddable":true,"href":"https:\/\/kinesiologieparis.fr\/index.php\/wp-json\/wp\/v2\/comments?post=9"}],"version-history":[{"count":45,"href":"https:\/\/kinesiologieparis.fr\/index.php\/wp-json\/wp\/v2\/pages\/9\/revisions"}],"predecessor-version":[{"id":3218,"href":"https:\/\/kinesiologieparis.fr\/index.php\/wp-json\/wp\/v2\/pages\/9\/revisions\/3218"}],"wp:attachment":[{"href":"https:\/\/kinesiologieparis.fr\/index.php\/wp-json\/wp\/v2\/media?parent=9"}],"curies":[{"name":"wp","href":"https:\/\/api.w.org\/{rel}","templated":true}]}}